{"id":1915,"date":"2020-04-28T12:52:01","date_gmt":"2020-04-28T11:52:01","guid":{"rendered":"http:\/\/photographite.com\/cyrille\/?page_id=1915"},"modified":"2024-05-14T18:14:04","modified_gmt":"2024-05-14T17:14:04","slug":"eyes-wide-shoot","status":"publish","type":"page","link":"http:\/\/photographite.com\/cyrille\/eyes-wide-shoot\/","title":{"rendered":"Iris Art"},"content":{"rendered":"\n<h2>\n\t\tPrise de vue de votre Iris\n\t<\/h2>\n\t\t\t\t<img decoding=\"async\" src=\"https:\/\/photographite.com\/cyrille\/wp-content\/plugins\/beaver-builder-lite-version\/img\/pixel.png\" alt=\"\" itemprop=\"image\" onerror=\"this.style.display='none'\"  \/>\n\t<h3>Vous me trouverez sur les march\u00e9s de\u00a0 Bell&rsquo;\u00eesle en Mer cet \u00e9t\u00e9 2024.<\/h3>\n<h3>je me d\u00e9place sur RDV: 0.616.414.014<\/h3>\n\t\t\t<a href=\"http:\/\/photographite.com\/cyrille\/contact-2\/\" target=\"_self\" rel=\"noopener\">\n\t\t\t\t\t\tContact\n\t\t\t\t\t<\/a>\n\t\t\t\t<img decoding=\"async\" src=\"http:\/\/photographite.com\/cyrille\/wp-content\/uploads\/2021\/10\/A.Pierre-1.jpg\" alt=\"A.Pierre\" itemprop=\"image\" title=\"A.Pierre\" onerror=\"this.style.display='none'\"  \/>\n\t\t\t\t<img decoding=\"async\" src=\"http:\/\/photographite.com\/cyrille\/wp-content\/uploads\/2024\/05\/30x40-chacha-scaled.jpg\" alt=\"30x40 chacha\" itemprop=\"image\" title=\"30x40 chacha\" onerror=\"this.style.display='none'\"  \/>\n\t<h2>Une fen\u00eatre sur l&rsquo;\u00e2me unique par essence.<\/h2>\n\t\t\t\t<img decoding=\"async\" src=\"http:\/\/photographite.com\/cyrille\/wp-content\/uploads\/2024\/05\/Guillaume-Mo-scaled.jpg\" alt=\"Guillaume Mo\" itemprop=\"image\" title=\"Guillaume Mo\" onerror=\"this.style.display='none'\"  \/>\n\t<h2>\u00ab\u00a0Le regard moderne sait voir la gamme infinie des nuances.\u00a0\u00bb<\/h2>\n<h5>De\u00a0Guy de Maupassan<\/h5>\n\t<p>Au naturel ou retouch\u00e9 via logiciel, je vous propose plusieurs versions de votre regard. Ainsi vous pourez le fixer sur le support de votre choix, papier, Dibon Alu, plexiglass, toile etc&#8230;<\/p>\n<p>N&rsquo;ayant pas de pignon sur rue, je me d\u00e9place ou vous re\u00e7ois chez moi pour une prise de vue d&rsquo;une minutes, pas plus !<\/p>\n\n","protected":false},"excerpt":{"rendered":"","protected":false},"author":2,"featured_media":0,"parent":0,"menu_order":0,"comment_status":"closed","ping_status":"closed","template":"","meta":{"footnotes":""},"class_list":["post-1915","page","type-page","status-publish","czr-hentry"],"_links":{"self":[{"href":"http:\/\/photographite.com\/cyrille\/wp-json\/wp\/v2\/pages\/1915","targetHints":{"allow":["GET"]}}],"collection":[{"href":"http:\/\/photographite.com\/cyrille\/wp-json\/wp\/v2\/pages"}],"about":[{"href":"http:\/\/photographite.com\/cyrille\/wp-json\/wp\/v2\/types\/page"}],"author":[{"embeddable":true,"href":"http:\/\/photographite.com\/cyrille\/wp-json\/wp\/v2\/users\/2"}],"replies":[{"embeddable":true,"href":"http:\/\/photographite.com\/cyrille\/wp-json\/wp\/v2\/comments?post=1915"}],"version-history":[{"count":0,"href":"http:\/\/photographite.com\/cyrille\/wp-json\/wp\/v2\/pages\/1915\/revisions"}],"wp:attachment":[{"href":"http:\/\/photographite.com\/cyrille\/wp-json\/wp\/v2\/media?parent=1915"}],"curies":[{"name":"wp","href":"https:\/\/api.w.org\/{rel}","templated":true}]}}